5, -4*a + 3*z + 10240 = 0. List the prime factors of a.
11, 233
Let b(a) = -9*a**3 + 8*a**2 + 12*a + 8. List the prime factors of b(-4).
2, 83
Let j(o) = 23*o - 1. Let u(b) = -22*b + 2. Let t(z) = 4*j(z) + 3*u(z). List the prime factors of t(8).
2, 3, 5, 7
Suppose 0 = t - 0*c + 5*c + 23, 22 = t - 4*c. Suppose -5*y = -3*w - 75, 56 = -5*w + t*y - 88. Let x = 56 + w. List the prime factors of x.
2, 13
Let k(q) be the third derivative of -q**6/240 - q**5/15 + q**4/8 + 3*q**2. Let a(z) be the second derivative of k(z). What are the prime factors of a(-5)?
7
Suppose 99 - 4845 = -7*y. What are the prime factors of y?
2, 3, 113
Suppose 3*u - 2*c + 26655 = 8*u, 26620 = 5*u - 5*c. List the prime factors of u.
73
Let u(b) = b**3 + 3*b**2 - 6*b - 4. Let w = -3 + -1. Let g be u(w). Suppose g*o + 40 = 9*o. What are the prime factors of o?
2
Let m be -1 + 2 + -4 + 5. Let q(r) = r**2 - r - 4. Let a be q(7). Suppose a = m*x - 26. List the prime factors of x.
2
What are the prime factors of (-75)/(-90) - (-3049)/6?
509
Let f be (0 - 0)/((-4)/4). Suppose f = -x + 3*m + 79, -3*m = 2*x - 6*x + 316. List the prime factors of x.
79
Let y(c) = c**3 - 3*c**2 - 8*c + 2. Let u be y(5). Let n = -8 + u. What are the prime factors of (n + (-5 - -3))*22?
2, 11
Let r be (-2 + (-9)/3)/(-1*1). Let x be (86/2)/(1/1). Suppose -r*q + 163 = x. List the prime factors of q.
2, 3
Let f = 183 + 307. What are the prime factors of f?
2, 5, 7
Suppose 0 = -q - 4, -12 = 2*a + 3*q - 0. Suppose a = -0*c - 2*c + 176. List the prime factors of c.
2, 11
Let r be (-12)/(-18) + 10/3. Let y = r + 1. Suppose 0 = 4*u + y*i - 305 + 37, 5*u - i - 364 = 0. List the prime factors of u.
2, 3
Suppose -2*h + 645 + 874 = -m, -3044 = -4*h + 4*m. List the prime factors of h.
2, 379
Let f be (-838)/(-7) + 14/49. Suppose -9*b = -12*b + f. Let u = -28 + b. List the prime factors of u.
2, 3
Let b = 197 + 22. What are the prime factors of b?
3, 73
Let h = 24 - -21. Suppose 0 = 3*g + g + 4*i - 72, -2*g - 5*i = -h. Suppose -g = -4*m + m. List the prime factors of m.
5
Let v = 3 - -2. Let n(r) = -1 - 3*r - 10*r**2 + v*r**2 + 0 - r**3. List the prime factors of n(-5).
2, 7
Let f = -31 + 40. Suppose -f*m + 5*m + 1160 = 0. What are the prime factors of m?
2, 5, 29
Let s(u) = -28*u**3 - 2*u**2 - 2*u - 3. What are the prime factors of s(-2)?
7, 31
Let g(l) = l**2 - 20*l + 44. Let a be g(20). Suppose 220 = 48*y - a*y. List the prime factors of y.
5, 11
Let d be (-2)/(-9) - 33585/(-135). What are the prime factors of d*(0 - (-2)/3)?
2, 83
Let p(x) = 87*x - 178. List the prime factors of p(7).
431
Let m(v) = v**3 - 4*v**2 + 2. Let t be m(4). Suppose 5*i = t*i + 81. What are the prime factors of i?
3
Let j(f) = f**3 - 7*f**2 + 6*f + 3. Let h be j(6). Suppose 180 = 5*l - 5*b, 4*b - 122 = -h*l - 0*b. List the prime factors of l.
2, 19
Let j = 29 + -28. Suppose j = -3*b + 7. What are the prime factors of b?
2
Suppose 8*k - 12*k = 4. Let y(o) = -3 + 6 - 11*o + 0. What are the prime factors of y(k)?
2, 7
Let q(d) = -d**2 + 27*d + 237. List the prime factors of q(30).
3, 7
Let i be (2/6)/(-1)*-12. What are the prime factors of (i/5)/((-4)/(-370))?
2, 37
Let x = -1205 - -2340. List the prime factors of x.
5, 227
Let s(z) = -40*z - 8. Let h(f) = -119*f - 23. Let q(o) = 3*h(o) - 8*s(o). Let g be q(-5). Suppose 0 = -6*y - 0 + g. What are the prime factors of y?
2, 3, 5
Let o(d) = -109*d + 117. What are the prime factors of o(-5)?
2, 331
Suppose -y + 55 + 14 = -3*q, 2*y - 2*q - 134 = 0. Suppose l - 75 = 2*m, -l - 3*m + y = -2*m. List the prime factors of l.
3, 23
Let z(b) = b**2 + 17*b + 9. Let n be z(-14). Let w = 22 - n. List the prime factors of w.
5, 11
Suppose p + 18*f - 17*f - 4834 = 0, -4*f + 24173 = 5*p. What are the prime factors of p?
7, 691
Let a(b) = 23*b**2 - 5*b + 10. What are the prime factors of a(-4)?
2, 199
Let k(t) = -t**3 - 6*t**2 + 12. Let w(f) = 6*f**3 + 31*f**2 + f - 60. Let g(b) = 11*k(b) + 2*w(b). What are the prime factors of g(6)?
2, 3
Let w = 760 - 523. Suppose 3*l = 3*c + 237, -3*l + c + w = -4*c. List the prime factors of l.
79
Suppose -u + 481 = 2*j, 24*j = 29*j - 3*u - 1186. What are the prime factors of j?
239
Let d(r) = 21*r - 34. Let m be -27*(3/(-9) - 0). What are the prime factors of d(m)?
5, 31
Let j be (-3)/(-5*3/(-5)). Suppose -27 + 11 = -2*y. What are the prime factors of 2/(y/(-20)*j)?
5
Suppose 0 = 3*v - 23 + 14. List the prime factors of 0 - -1 - v - (-210 - -25).
3, 61
Suppose -4*s = s - 75. What are the prime factors of (3 - (-426)/s)*(7 - 2)?
157
Let x(k) = -k**2 + 14*k - 8. Let o(h) = -h**3 + h**2 + 2*h. Let n be o(2). Suppose n = -3*q + 24. List the prime factors of x(q).
2, 5
Suppose -3*v - 4*t + 6542 + 92 = 0, -2*t + 11052 = 5*v. List the prime factors of v.
2, 5, 13, 17
Let z = -458 + 912. What are the prime factors of z?
2, 227
Suppose -345 = -5*q + 85. Suppose 4*y + 4 = 0, p + 3*y - 8*y = q. What are the prime factors of p?
3
Let j(m) = m**2 - 11*m + 6. Let u be j(10). Let a(y) = -y**3 - 3*y**2 + 3*y - 2. What are the prime factors of a(u)?
2
Let z = -126 - -748. What are the prime factors of z?
2, 311
Let g(d) = d**2 - 7*d + 4. Let q be g(7). Suppose -q*b + 4 = -2*u, -u - 6*b - 9 = -b. List the prime factors of u/8*-110*1.
5, 11
Let c(f) = f - 1 - f**3 + 7*f**2 + 1 + f + 1. What are the prime factors of c(5)?
61
Let n(p) = 15*p**2 - 8*p + 3. Let b be n(3). List the prime factors of (b/(-9))/((-6)/27).
3, 19
Suppose 0 = 6*m - 3*m + 516. Let b = -103 - m. What are the prime factors of b?
3, 23
Let x(m) be the first derivative of -189*m**2/2 + m + 19. What are the prime factors of x(-1)?
2, 5, 19
Let d(g) = -3*g + 9*g**3 + 4*g - 3*g**3. Let q be d(1). Suppose -q - 25 = -2*m. List the prime factors of m.
2
What are the prime factors of 8/44 + 406926/407?
2, 5
Let n(w) = -w**3 + 6*w**2 - 5*w - 5. Let f be n(5). Suppose -6*x + 5*x - q = 10, -3*q = 12. List the prime factors of f/(2*3/x).
5
Let m(s) = 3*s**2 - 4. Let b be m(-2). Suppose b*f - 16 = 7*f. List the prime factors of f.
2
Let h(s) = 2*s**2 + 7*s + 4. Let t be h(-4). Suppose 2*m = -0 + t. Suppose -m*p = -25 - 7. List the prime factors of p.
2
What are the prime factors of (-2057)/(-7) - 5/(-35)?
2, 3, 7
Suppose 13383 = 15*a - 1077. What are the prime factors of a?
2, 241
Suppose -5*t = -g + 1162, 4*t = -3*g - 2*g + 5752. What are the prime factors of g?
2, 3
Suppose 2*f - 3*z - 7 = 0, 2*f - f + 4*z + 2 = 0. Suppose -5*o + f*b = -0*b - 722, 4*b + 292 = 2*o. List the prime factors of o.
2, 3
Let f = -45 - -209. Suppose -4*u = -v + 61, -19 = -3*v + 3*u + f. What are the prime factors of v?
61
Let k = -332 + 359. List the prime factors of k.
3
Let j be 0 + 11/((-11)/(-6)). Let q be (j - 2)/2 + -48. Let d = -30 - q. What are the prime factors of d?
2
Let y(j) = -3*j**3 + j**3 - 6 + 8*j + 3*j**3 + 9*j**2. Suppose -11*o + 7*o - 28 = 0. What are the prime factors of y(o)?
2, 3
Let l be (-156)/27 - 2/9. Let h be (-2)/l*60/(-10). Let u(g) = -3*g**3 - g**2 + g - 1. What are the prime factors of u(h)?
17
Let u(z) = -z**2 - 16*z + 23. Suppose -5*r - 5*g - 70 = -0*g, -4*g + 72 = -4*r. What are the prime factors of u(r)?
23
Let g(x) = -6*x + 181. What are the prime factors of g(-28)?
349
Let t = 960 + -610. List the prime factors of t.
2, 5, 7
Suppose 3*f + 1324 = l + 425, 3*l + f - 2667 = 0. List the prime factors of l.
2, 5, 89
Let g = -1 + 4. Suppose -8*n + 303 = -4*n - 3*p, 4*n = 2*p + 298. Suppose 6 + n = g*j. List the prime factors of j.
2, 13
Let w be 4/(-18) - (-2)/9. Suppose w = -2*j - 35 + 39. List the prime factors of j.
2
Suppose -3*l + 2*l = -759. What are the prime factors of l?
3, 11, 23
Let z = 65 - -147. What are the prime factors of z?
2, 53
Suppose -16 = 3*o - 13, -v = -2*o - 1538. List the prime factors of v.
2, 3
Let g = -17 + 35. Suppose 4*d - 2*a = g, 5*d - 45 = -a - 4*a. Let h = 36 - d. List the prime factors of h.
2, 3, 5
Let q(t) = -4*t**2 + 121*t - 7. List the prime factors of q(22).
719
Suppose 3*l + 2*d + 2*d + 133 = 0, 0 = -2*l - 4*d - 90. Let v = l + 363. What are the prime factors of v?
2, 5
Let s(i) be the first derivative of -9*i**2/2 - 20*i - 1. List the prime factors of s(-6).
2, 17
Suppose 0 = -4*b + 3*p - 41, -4*b = -4*p - 18 + 62. Let w = b - 18. List the prime factors of (-3 - w)*(-5 - -8).
3, 23
Let